 remainder when 44 is divided by c?
14
Let t = -74 + 89. Calculate the remainder when t is divided by 6.
3
Let d = 4 + -5. Calculate the remainder when 4 is divided by d/(15/6)*-5.
0
Suppose 2*q - p - 290 = 0, 3*q + 2*p + 2*p - 435 = 0. Suppose 0*r + q = 5*r. Let i = -10 - -20. Calculate the remainder when r is divided by i.
9
Let c = 77 + -14. Let b = c - 37. Calculate the remainder when b is divided by 14.
12
Let u = 133 - 92. Calculate the remainder when u is divided by 3/(3/(-14))*-1.
13
Let n be (0 + 6)/(12/18). Suppose -n = 4*h - 45. What is the remainder when 25 is divided by h?
7
Let c be 2 + 0 + (-11 - 0). Let b be -6*(2 - (-24)/c). Suppose -b*g + 16 = -0*g. What is the remainder when g is divided by 2?
0
Let a be -3*(2/(-2) - 0). Suppose -2*r - 3*g = 2, -2*r + 4*g - a = r. Calculate the remainder when 1/(3/72) - r is divided by 9.
7
Suppose -2*i - i = 0. Suppose 0*n - 3*n + 48 = i. Suppose 0 = -w - 2*y + n, y - 44 = -4*w + 3*y. What is the remainder when 23 is divided by w?
11
Let f(y) = -5*y - 26. Calculate the remainder when f(-9) is divided by 11.
8
Suppose y = 5*y - 16. Let i(k) = -k. Let d be i(-3). Suppose 4*g + 36 + 100 = y*v, -102 = -d*v - 5*g. Calculate the remainder when v is divided by 18.
16
Let o = -1 - 0. Suppose -3*x + x + 10 = 0. Calculate the remainder when x is divided by 28/10 + o/(-5).
2
Let h = 0 - -11. What is the remainder when -1 + (-41)/(-1) + 1 is divided by h?
8
Suppose -5*g = -142 - 3. What is the remainder when g is divided by 16?
13
Suppose r - 22 = -j - 4, -2*r = 5*j - 30. What is the remainder when 76 is divided by r?
16
Suppose 5*w + y - 182 = 0, -3*w - 5*y = w - 154. Suppose -w = -4*b + 12. What is the remainder when 34 is divided by b?
10
Let g = -5 - -27. Suppose -n = -2*n + g. What is the remainder when 64 is divided by n?
20
Let q = -28 - -38. Calculate the remainder when 47 is divided by q.
7
Suppose -o = -3*m - 2 - 9, -37 = 5*m + 3*o. Let c = 8 + m. Let g(l) = -l**3 + l**2 + 5. Calculate the remainder when g(0) is divided by c.
2
Suppose n = 4*x - 272, 0 = -4*x - 5*n + 111 + 185. Calculate the remainder when x is divided by 14.
13
Let v(h) = h**3 + 5*h**2 + 2*h + 3. Let b be v(-3). Let z be 1*39*(-4)/(-6). Let u = z - b. Calculate the remainder when 20 is divided by u.
9
Let p(o) = o**3 - 8*o**2 - 15*o + 3. Let f(a) = a. Let w(z) = 6*f(z) + p(z). Calculate the remainder when 7 is divided by w(9).
1
Suppose 3*h + 5 = 155. Let m be 1120/h - 4/10. Let a = m + -12. What is the remainder when 39 is divided by a?
9
Suppose -4 = y + y. Let z(l) = l**2 - 2. Let n be z(y). Suppose n*b + 2*b - 28 = -3*g, -2*g + 32 = -4*b. What is the remainder when 35 is divided by g?
11
Calculate the remainder when (-1)/(-2)*(-858)/(-13) is divided by 9.
6
What is the remainder when 7 is divided by 6/4*1*(-16)/(-6)?
3
Calculate the remainder when 342/7 + -4*3/(-84) is divided by 18.
13
Suppose -3*t + 12 = 0, -u - t + 178 = 2*u. What is the remainder when u is divided by 10?
8
Calculate the remainder when 122 is divided by 123/3 - 1 - -1.
40
What is the remainder when 26 is divided by 7 + 0 + 0 + 2?
8
Let z(n) = 3*n + 2. Let f be z(-2). Let v(m) = m**2 + 4*m + 2. What is the remainder when 5 is divided by v(f)?
1
Suppose -3*h = -h + 3*f - 30, -3*h - 4*f + 44 = 0. Let i = -1 + 1. Suppose -2*p + 0*p + 46 = i. What is the remainder when p is divided by h?
11
Suppose 4*s - 7*s = -57. Let f = 4 + s. What is the remainder when f is divided by 8?
7
Let y = -3 - -9. Suppose -2*b + m + 6 = 5*m, -3*m = 2*b - y. Suppose 3*d = -3*x, 4*x - b*d + 8*d = -2. Calculate the remainder when x is divided by 2.
0
Let m(h) = -61*h - 2. Let p be m(-2). Let w = p + -85. What is the remainder when w is divided by 12?
11
Let s = -9 - -4. Let p = s + 10. Calculate the remainder when (0 - -3)*16/6 is divided by p.
3
Let s(w) = -w**3 - 10*w**2 - 10*w - 6. Let f = 8 - 3. What is the remainder when f is divided by s(-9)?
2
Let u = 368 + -348. What is the remainder when u is divided by (-8)/(1 + (-2)/1)?
4
Let z = -17 - -28. Suppose -2*p - 155 = 4*h - 9*h, -5*h = -4*p - 165. What is the remainder when h is divided by z?
7
Suppose -6*u + 4*u + g = -142, 2*g - 71 = -u. What is the remainder when u is divided by 37?
34
Let x(v) = -8*v. Calculate the remainder when x(-4) is divided by 18.
14
Suppose -5*h = -2*h + 141. Let z = 67 + h. What is the remainder when z is divided by 34/3 + (-2)/6?
9
Let j(z) be the first derivative of -z**4/4 + 2*z**3 - z**2 - 2*z + 1. What is the remainder when 56 is divided by j(3)?
18
Suppose -2*i + 19 = 5*p + i, -7 = -p + i. What is the remainder when 19 is divided by p?
4
Let b(q) = -q - 3. Let j be -2*(1 + -2 - -4). Calculate the remainder when (4 - 6) + 3 + 3 is divided by b(j).
1
Let i = -22 + 15. Let o(r) = -5*r - 10. Let s be o(i). Let x = s + -18. Calculate the remainder when 19 is divided by x.
5
Let d = -21 + 32. Let q = 17 - d. What is the remainder when 10 is divided by q?
4
Let q = -53 - -59. Calculate the remainder when 22 is divided by q.
4
Suppose -3*q - t + 22 = 2*q, -4*q - 5*t = -5. Suppose -q*w + 118 = -37. What is the remainder when w is divided by 8?
7
Suppose 5*i - 31 = 124. What is the remainder when i is divided by (-1)/2 - 66/(-4)?
15
Suppose 0 = -2*g + 8 - 2. Suppose -g*o = -2*o - 32. Calculate the remainder when o is divided by 11.
10
Suppose -2*w = -15 - 25. Let t be (8/6)/((-1)/(-3)). Suppose t*r = 2*l - w, -l - 4*r = -0 - 10. Calculate the remainder when 29 is divided by l.
9
Let a(s) = -84*s**3 - s**2 + s + 1. Calculate the remainder when a(-1) is divided by 22.
17
Let m be 255/3 - (1 - 1). Suppose 0 = -12*c + 7*c + m. What is the remainder when 67 is divided by c?
16
Let w = -18 + 20. What is the remainder when 3 is divided by w?
1
Suppose z - 6 + 2 = 0. Suppose 3*p - 3 = z*p + 3*r, -p = 4*r + 7. What is the remainder when 26 is divided by p?
8
Suppose -13*p + 0*p + 91 = 0. What is the remainder when 18 is divided by p?
4
Let k = -41 + 82. Suppose -3*f + k = 17. What is the remainder when 29 is divided by f?
5
Suppose -3*n + 5*n - 10 = 0. Let t(y) = y**2 + 4*y - 10. Suppose 0 = -2*j - 0*j + 24. What is the remainder when t(n) is divided by j?
11
Suppose -2*v + 6*v = 24. Let w = v - -1. What is the remainder when 12 is divided by w?
5
Let y(i) = 4 - 4 - 6 - 5*i. Let j(r) = -4*r - 1. Let a be j(1). What is the remainder when y(a) is divided by 10?
9
Let g be 8/(-12) + (-4)/(-6). Suppose g = -t - 7 - 0. Let l = 10 + t. Calculate the remainder when 8 is divided by l.
2
Let v = -201 - -222. Let f(m) = 12*m + 2. Let k be f(7). Let h = 126 - k. Calculate the remainder when h is divided by v.
19
Let u = -9 - -16. Let b be (4/(-5))/(1/(-5)). Suppose -l - 18 = -6*l - 2*i, -b*l - 3*i = -13. Calculate the remainder when u is divided by l.
3
Suppose 5*g + 3*k - 2*k - 121 = 0, 4*g = -2*k + 92. Calculate the remainder when g is divided by 13.
12
Suppose -6*f + 20 = -f. What is the remainder when 7 is divided by f?
3
Let i be (2 + -1 - 3)/1. What is the remainder when 39/2 - i/(-4) is divided by (-4)/6 + (-96)/(-9)?
9
Let s(j) = j**3 + j + 2. Suppose -3*c = -t - 4, 4*c + c = -5*t + 20. Calculate the remainder when (-4 + 1)*46/(-6) is divided by s(t).
11
Let l(z) = 2*z**2 + 5*z + 3. Calculate the remainder when 23 is divided by l(-3).
5
Let u be 2 - (1 + 3/3). Suppose u = -4*k - 62 - 86. Let o = k - -60. What is the remainder when 67 is divided by o?
21
Let x be (-25)/(-7) + (-36)/(-84). Suppose n + 4*j + 27 = 2*n, -63 = -x*n + j. Calculate the remainder when 43 is divided by n.
13
Let a(n) = 70*n**2 - 1 - 1 - 58*n**2 + 2*n. What is the remainder when a(-2) is divided by 15?
12
Let n(l) = 16*l**2 - 4*l + 3. What is the remainder when 26 is divided by n(1)?
11
Let j be 3 + -6 + (2 - 3). Let r(g) = -3*g - 10. Calculate the remainder when r(j) is divided by -1 - -3 - (1 - 0).
0
Suppose -4*p + 14 - 6 = 0. Calculate the remainder when 6 is divided by p.
0
Suppose -4*s = -51 + 11. What is the remainder when 68 is divided by s?
8
Let d = -41 - -44. Suppose 5 = 2*p - 1. Suppose -6 = -p*l - 0. What is the remainder when d is divided by l?
1
Suppose -h + 2 = -0*h. Suppose h*m - o - 9 = -3, -5*o = -3*m + 23. Suppose -m - 14 = -3*l. Calculate the remainder when l is divided by 4.
1
Calculate the remainder when 7 is divi